{"id":21,"date":"2020-07-07T21:45:51","date_gmt":"2020-07-07T19:45:51","guid":{"rendered":"http:\/\/vibroacoustics.pl\/?page_id=21"},"modified":"2026-03-17T14:51:57","modified_gmt":"2026-03-17T13:51:57","slug":"home","status":"publish","type":"page","link":"https:\/\/vibroacoustics.pl\/","title":{"rendered":""},"content":{"rendered":"<p class=\"google-fonts-blocks\" style=\"font-weight: regular;font-size: 20px;\"><strong><span style=\"color:#06356b\" class=\"has-inline-color\">Akustyka budowlana i architektoniczna:<\/span><\/strong><\/p>\n\n\n<ul>\n<li>obliczenia i ekspertyzy izolacyjno\u015bci przegr\u00f3d budowlanych,<\/li>\n\n\n\n<li>obliczenia i ekspertyzy izolacyjno\u015bci \u015bcian i strop\u00f3w od d\u017awi\u0119k\u00f3w powietrznych,<\/li>\n\n\n\n<li>obliczenia i ekspertyzy izolacyjno\u015bci od d\u017awi\u0119k\u00f3w uderzeniowych,<\/li>\n\n\n\n<li>obliczenia i ekspertyzy dotycz\u0105ce adaptacji akustycznych pomieszcze\u0144 wszelkiego typu: mieszkania, biura, sale lekcyjne i wyk\u0142adowe, sale kinowe i widowiskowe, sale koncertowe,<\/li>\n\n\n\n<li>obliczenia i ekspertyzy dotycz\u0105ce zrozumia\u0142o\u015bci mowy w pomieszczeniach,<\/li>\n\n\n\n<li>ekspertyzy dotycz\u0105ce wibroakustycznej uci\u0105\u017cliwo\u015bci s\u0105siedzkiej.<\/li>\n<\/ul>\n\n\n<p class=\"google-fonts-blocks\" style=\"font-weight: regular;font-size: 20px;\"><strong><span style=\"color:#06356b\" class=\"has-inline-color\">Drgania w budynkach:<\/span><\/strong><\/p>\n\n\n<ul>\n<li>ekspertyzy dotycz\u0105ce drga\u0144 przekazywanych na istniej\u0105ce budynki a tak\u017ce w miejscu planowanej inwestycji,<\/li>\n\n\n\n<li>ekspertyzy dotycz\u0105ce drga\u0144 generowanych przez wyposa\u017cenie budynk\u00f3w,<\/li>\n\n\n\n<li>ekspertyz dotycz\u0105ce drga\u0144 przekazywanych na cz\u0142owieka w budynkach.<\/li>\n<\/ul>\n\n\n<p class=\"google-fonts-blocks\" style=\"font-weight: regular;font-size: 20px;\"><strong><a href=\"#06356b\"><span style=\"color:#06356b\" class=\"has-inline-color\">Akustyka \u015brodowiska:<\/span><\/a><\/strong><\/p>\n\n\n<ul>\n<li>analiza emisji i immisji ha\u0142asu w \u015brodowisku, w szczeg\u00f3lno\u015bci: ha\u0142as przemys\u0142owy, ha\u0142as komunikacyjny (drogowy, kolejowy, lotniczy), uci\u0105\u017cliwo\u015b\u0107 s\u0105siedzka (ha\u0142as nietypowych \u017ar\u00f3de\u0142 np. boiska, obiekty sportowe, obiekty imprez muzycznych).<\/li>\n<\/ul>\n\n\n<p class=\"google-fonts-blocks\" style=\"font-weight: regular;font-size: 20px;\"><strong><span style=\"color:#06356b\" class=\"has-inline-color\">Do\u015bwiadczenie zawodowe:<\/span><\/strong><\/p>\n\n\n<p>Specjalista w zakresie wibroakustyki z ponad 22 letnim do\u015bwiadczaniem zawodowym.<\/p>\n\n\n\n<p>Autor ponad 170 ekspertyz i opracowa\u0144 na zlecenie instytucji i podmiot\u00f3w publicznych a tak\u017ce przedsi\u0119biorstw oraz os\u00f3b prywatnych.<\/p>\n\n\n\n<p>Autor ok. 200 publikacji i doniesie\u0144 konferencyjnych.<\/p>\n\n\n\n<p>Nauczyciel akademicki w obszarze wibroakustyki.<\/p>\n\n\n<p class=\"google-fonts-blocks\" style=\"font-weight: regular;font-size: 20px;\"><strong><span style=\"color:#06356b\" class=\"has-inline-color\">Wi\u0119cej:<\/span><\/strong><\/p>\n\n\n<p><a href=\"https:\/\/www.researchgate.net\/profile\/Maciej_Klaczynski\">https:\/\/www.researchgate.net\/profile\/Maciej_Klaczynski<\/a><\/p>\n\n\n\n<p><a href=\"https:\/\/www.linkedin.com\/in\/maciej-klaczynski-6443a8156\/\">https:\/\/www.linkedin.com\/in\/maciej-klaczynski-6443a8156\/<\/a><\/p>\n\n\n<p class=\"google-fonts-blocks\" style=\"font-weight: regular;font-size: 20px;\"><strong><span style=\"color:#06356b\" class=\"has-inline-color\">Kontakt:<\/span><\/strong><\/p>\n\n\n<p>dr hab. in\u017c. Maciej K\u0142aczy\u0144ski<\/p>\n\n\n\n<p>email: <a href=\"mailto:kontakt@vibroacoustics.pl\">kontakt@vibroacoustics.pl<\/a><\/p>\n","protected":false},"excerpt":{"rendered":"<p>Specjalista w zakresie wibroakustyki z ponad 22 letnim do\u015bwiadczaniem zawodowym. Autor ponad 170 ekspertyz i opracowa\u0144 na zlecenie instytucji i podmiot\u00f3w publicznych a tak\u017ce przedsi\u0119biorstw oraz os\u00f3b prywatnych. Autor ok. 200 publikacji i doniesie\u0144 konferencyjnych. Nauczyciel akademicki w obszarze wibroakustyki. https:\/\/www.researchgate.net\/profile\/Maciej_Klaczynski https:\/\/www.linkedin.com\/in\/maciej-klaczynski-6443a8156\/ dr hab. in\u017c. Maciej K\u0142aczy\u0144ski email: kontakt@vibroacoustics.pl<\/p>\n","protected":false},"author":1,"featured_media":0,"parent":0,"menu_order":0,"comment_status":"closed","ping_status":"closed","template":"","meta":{"footnotes":""},"_links":{"self":[{"href":"https:\/\/vibroacoustics.pl\/index.php\/wp-json\/wp\/v2\/pages\/21"}],"collection":[{"href":"https:\/\/vibroacoustics.pl\/index.php\/wp-json\/wp\/v2\/pages"}],"about":[{"href":"https:\/\/vibroacoustics.pl\/index.php\/wp-json\/wp\/v2\/types\/page"}],"author":[{"embeddable":true,"href":"https:\/\/vibroacoustics.pl\/index.php\/wp-json\/wp\/v2\/users\/1"}],"replies":[{"embeddable":true,"href":"https:\/\/vibroacoustics.pl\/index.php\/wp-json\/wp\/v2\/comments?post=21"}],"version-history":[{"count":16,"href":"https:\/\/vibroacoustics.pl\/index.php\/wp-json\/wp\/v2\/pages\/21\/revisions"}],"predecessor-version":[{"id":52,"href":"https:\/\/vibroacoustics.pl\/index.php\/wp-json\/wp\/v2\/pages\/21\/revisions\/52"}],"wp:attachment":[{"href":"https:\/\/vibroacoustics.pl\/index.php\/wp-json\/wp\/v2\/media?parent=21"}],"curies":[{"name":"wp","href":"https:\/\/api.w.org\/{rel}","templated":true}]}}